 46545.
3, 5, 29, 107
List the prime factors of 22180085.
5, 4436017
What are the prime factors of 2323375?
5, 18587
List the prime factors of 145008.
2, 3, 19, 53
List the prime factors of 1946692.
2, 11, 151, 293
What are the prime factors of 320993?
257, 1249
List the prime factors of 78584.
2, 11, 19, 47
List the prime factors of 1079672.
2, 11, 12269
List the prime factors of 2790592.
2, 7, 6229
What are the prime factors of 327527?
107, 3061
List the prime factors of 38518492.
2, 31, 53, 5861
What are the prime factors of 10900253?
7, 13, 119783
What are the prime factors of 2400250?
2, 5, 9601
What are the prime factors of 423790?
2, 5, 42379
List the prime factors of 1135068.
2, 3, 11, 8599
What are the prime factors of 2519704?
2, 11, 19, 137
List the prime factors of 5594654.
2, 13, 215179
List the prime factors of 1749715.
5, 11, 29, 1097
What are the prime factors of 296651?
296651
List the prime factors of 433012.
2, 103, 1051
List the prime factors of 229172.
2, 23, 47, 53
List the prime factors of 135561.
3, 73, 619
What are the prime factors of 3049272?
2, 3, 19, 743
What are the prime factors of 20360?
2, 5, 509
What are the prime factors of 43061761?
6269, 6869
List the prime factors of 623797.
293, 2129
List the prime factors of 32113487.
7, 313, 14657
List the prime factors of 216431.
216431
List the prime factors of 21024889.
21024889
What are the prime factors of 17816437?
17816437
List the prime factors of 27173777.
27173777
What are the prime factors of 6558717?
3, 11, 233, 853
What are the prime factors of 352927?
53, 6659
What are the prime factors of 4568404?
2, 797, 1433
What are the prime factors of 229324?
2, 57331
List the prime factors of 1433874.
2, 3, 13, 31, 593
What are the prime factors of 1556455?
5, 311291
What are the prime factors of 49576?
2, 6197
List the prime factors of 167987.
167987
What are the prime factors of 1736846?
2, 868423
What are the prime factors of 12966274?
2, 17, 22433
List the prime factors of 78816.
2, 3, 821
What are the prime factors of 81377?
19, 4283
List the prime factors of 2522962.
2, 13, 23, 4219
List the prime factors of 7758974.
2, 37, 104851
What are the prime factors of 12233202?
2, 3, 2038867
What are the prime factors of 694564?
2, 13, 19, 37
List the prime factors of 7534613.
271, 27803
What are the prime factors of 276389?
276389
What are the prime factors of 403761?
3, 134587
What are the prime factors of 555671?
555671
List the prime factors of 909310.
2, 5, 90931
What are the prime factors of 137792?
2, 2153
What are the prime factors of 25355187?
3, 11, 13, 199
List the prime factors of 182710.
2, 5, 11, 151
What are the prime factors of 6843410?
2, 5, 7, 59, 1657
What are the prime factors of 578264?
2, 41, 43
What are the prime factors of 4506139?
11, 17, 24097
List the prime factors of 101814.
2, 3, 71, 239
List the prime factors of 1066079.
7, 152297
What are the prime factors of 15245659?
11, 13, 59, 139
What are the prime factors of 973198?
2, 431, 1129
What are the prime factors of 2373060?
2, 3, 5, 39551
List the prime factors of 474164.
2, 17, 19, 367
List the prime factors of 1743954.
2, 3, 290659
List the prime factors of 318620.
2, 5, 89, 179
List the prime factors of 32785.
5, 79, 83
List the prime factors of 333138.
2, 3, 13, 4271
What are the prime factors of 3925207?
11, 13, 27449
List the prime factors of 4625904.
2, 3, 17, 5669
List the prime factors of 88026.
2, 3, 17, 863
What are the prime factors of 3021789?
3, 251, 4013
What are the prime factors of 351113?
7, 50159
List the prime factors of 864339.
3, 7, 79, 521
List the prime factors of 169463.
7, 43, 563
What are the prime factors of 540454?
2, 23, 31, 379
What are the prime factors of 988227?
3, 17, 2153
List the prime factors of 214622.
2, 239, 449
List the prime factors of 21058270.
2, 5, 19, 137, 809
List the prime factors of 5562189.
3, 68669
List the prime factors of 1820798.
2, 7, 130057
What are the prime factors of 561958?
2, 280979
What are the prime factors of 3667418?
2, 19, 103, 937
List the prime factors of 2189079.
3, 81077
What are the prime factors of 10454122?
2, 7, 746723
List the prime factors of 841156.
2, 23, 41, 223
List the prime factors of 143682.
2, 3, 7, 11, 311
List the prime factors of 2080748.
2, 643, 809
List the prime factors of 2824955.
5, 7, 80713
What are the prime factors of 148393?
7, 17, 29, 43
List the prime factors of 3799565.
5, 7, 11, 71, 139
List the prime factors of 319695.
3, 5, 21313
What are the prime factors of 256136?
2, 101, 317
List the prime factors of 5668876.
2, 1417219
List the prime factors of 35848551.
3, 67, 178351
What are the prime factors of 401100?
2, 3, 5, 7, 191
List the prime factors of 506963.
506963
List the prime factors of 25152058.
2, 719, 17491
List the prime factors of 15954160.
2, 5, 17, 11731
List the prime factors of 118587.
3, 7, 5647
List the prime factors of 693615.
3, 5, 13, 3557
List the prime factors of 23154.
2, 3, 17, 227
What are the prime factors of 1404803?
19, 107, 691
List the prime factors of 2128565.
5, 425713
What are the prime factors of 411713?
29, 14197
What are the prime factors of 4674798?
2, 3, 19, 13669
What are the prime factors of 524545?
5, 7, 2141
What are the prime factors of 7373126?
2, 829, 4447
What are the prime factors of 777820?
2, 5, 38891
What are the prime factors of 578134?
2, 289067
What are the prime factors of 25948935?
3, 5, 47, 12269
List the prime factors of 1138898.
2, 17, 19, 41, 43
List the prime factors of 83682.
2, 3, 4649
List the prime factors of 436916.
2, 109229
What are the prime factors of 4653231?
3, 11, 37, 103
List the prime factors of 4284804.
2, 3, 19, 18793
List the prime factors of 4167723.
3, 7, 198463
What are the prime factors of 911863?
17, 53639
What are the prime factors of 2105259?
3, 13, 23, 2347
What are the prime factors of 2754349?
13, 211873
What are the prime factors of 2788664?
2, 348583
What are the prime factors of 1522910?
2, 5, 67, 2273
What are the prime factors of 6046517?
73, 113, 733
List the prime factors of 163409.
163409
List the prime factors of 223421.
11, 19, 1069
What are the prime factors of 3245874?
2, 3, 193, 2803
List the prime factors of 9749.
9749
What are the prime factors of 209212?
2, 193, 271
What are the prime factors of 6675025?
5, 7, 5449
List the prime factors of 120823.
120823
What are the prime factors of 130044?
2, 3, 10837
What are the prime factors of 13989606?
2, 3, 17, 137153
What are the prime factors of 4693740?
2, 3, 5, 78229
What are the prime factors of 816372?
2, 3, 7559
What are the prime factors of 74646?
2, 3, 11, 13, 29
List the prime factors of 1772972.
2, 443243
List the prime factors of 1077477.
3, 17, 37, 571
What are the prime factors of 140888?
2, 11, 1601
What are the prime factors of 771477?
3, 7, 17, 2161
List the prime factors of 1827372.
2, 3, 197, 773
List the prime factors of 188513.
13, 17, 853
What are the prime factors of 241671?
3, 80557
List the prime factors of 721122.
2, 3, 31, 3877
What are the prime factors of 160392?
2, 3, 41, 163
List the prime factors of 1006743.
3, 73, 4597
What are the prime factors of 698348?
2, 7, 509
List the prime factors of 145606.
2, 47, 1549
What are the prime factors of 374?
2, 11, 17
What are the prime factors of 781081?
7, 241, 463
List the prime factors of 669558.
2, 3, 111593
List the prime factors of 4720377.
3, 229, 6871
What are the prime factors of 1170297?
3, 17, 7649
List the prime factors of 1728095.
5, 31, 11149
List the prime factors of 23765623.
7, 31, 109519
What are the prime factors of 2438735?
5, 13, 17, 2207
List the prime factors of 26790453.
3, 17, 58367
List the prime factors of 683427.
3, 37, 47, 131
List the prime factors of 1350533.
1350533
List the prime factors of 6457977.
3, 17, 42209
What are the prime factors of 11653251?
3, 19, 204443
List the prime factors of 159727.
211, 757
List the prime factors of 1195725.
3, 5, 107, 149
What are the prime factors of 224949?
3, 167, 449
List the prime factors of 1407057.
3, 463, 1013
What are the prime factors of 99957?
3, 11, 13, 233
What are the prime factors of 81780?
2, 3, 5, 29, 47
What are the prime factors of 1653347?
1653347
List the prime factors of 3862400.
2